0?
612
In base 16, what is 7c + 89?
105
In base 9, what is 1012 + -22?
880
In base 3, what is -1221010 + 10221?
-1210012
In base 6, what is -42 + 25411?
25325
In base 9, what is -210 - -76?
-123
In base 15, what is 162c - 1d?
160e
In base 3, what is -2 + -1110111?
-1110120
In base 3, what is 22 + -10001210212?
-10001210120
In base 15, what is -5 + -be555?
-be55a
In base 11, what is 3 + -919204?
-919201
In base 12, what is -882b1 - -35?
-88278
In base 14, what is 2b132 - 2?
2b130
In base 11, what is 8 - 27362?
-27355
In base 4, what is -22 + -10020011?
-10020033
In base 4, what is -131210103 + 2?
-131210101
In base 2, what is 1000011011 - 1011101?
110111110
In base 14, what is -6775 + -8?
-677d
In base 6, what is 3 - 403050?
-403043
In base 9, what is -3458005 + -5?
-3458011
In base 9, what is -3 - 7014?
-7017
In base 5, what is 0 - 134013404?
-134013404
In base 4, what is -212302 - -122?
-212120
In base 4, what is -2020 - 31333031?
-32001111
In base 6, what is 42 - 11214?
-11132
In base 5, what is -2 + 31231304?
31231302
In base 2, what is -1111011 - -101111?
-1001100
In base 8, what is -3606 + -313?
-4121
In base 8, what is 34 + 356?
412
In base 4, what is -12230300 + 123?
-12230111
In base 8, what is 7667 + -17?
7650
In base 6, what is 500230 - 0?
500230
In base 16, what is -5 + 32404?
323ff
In base 10, what is -111 + 2544?
2433
In base 13, what is 37 - -1aa4?
1b0b
In base 7, what is -50101221 + 1?
-50101220
In base 5, what is -1013 - -241301?
240233
In base 15, what is 51 - 47ee?
-479d
In base 9, what is 2561 + 151?
2722
In base 5, what is -2122401 + -4?
-2122410
In base 3, what is -100112202112 - 12?
-100112202201
In base 16, what is -7be - 28?
-7e6
In base 6, what is -4 + 104455?
104451
In base 16, what is 5bc7 + -4f?
5b78
In base 3, what is 11122122 - -1000?
11200122
In base 12, what is -a - 71764?
-71772
In base 8, what is -4411 + -26?
-4437
In base 6, what is -20 + 42112?
42052
In base 11, what is -2 - -3a2a?
3a28
In base 3, what is 0 - -220012222?
220012222
In base 9, what is -381 + 1033?
542
In base 2, what is 101001000000 + -100011001100?
101110100
In base 9, what is 1817 + -23?
1784
In base 6, what is 3 + -4420232?
-4420225
In base 12, what is 359a6 - 7?
3599b
In base 3, what is 121000 - -111010?
1002010
In base 14, what is -4 + -345d1?
-345d5
In base 13, what is 1 - -7b70b?
7b70c
In base 11, what is 4 + 16903?
16907
In base 8, what is -75121 + -1?
-75122
In base 4, what is 1121230333 + -2?
1121230331
In base 12, what is 5a6 - 14?
592
In base 13, what is -9 + 2468?
245c
In base 11, what is 4a58 - -209?
5166
In base 12, what is -10211 - 3?
-10214
In base 10, what is 14 - 181900?
-181886
In base 6, what is 42 + -30053?
-30011
In base 16, what is 37b + 7f?
3fa
In base 10, what is -2976 + 11?
-2965
In base 15, what is 6 - -3908?
390e
In base 6, what is -1303125010 + -5?
-1303125015
In base 15, what is 8be - 2?
8bc
In base 12, what is 1089 - -93?
1160
In base 11, what is -5155 + -428?
-5582
In base 13, what is -1 - 67153?
-67154
In base 4, what is 3 - -120103312?
120103321
In base 14, what is -2 + -57ba?
-57bc
In base 14, what is -6b + -268?
-2d5
In base 9, what is 216564 - 1?
216563
In base 6, what is 40114 + -1?
40113
In base 2, what is 11011101100000011 + 100?
11011101100000111
In base 10, what is 39136 - -2?
39138
In base 9, what is 102861 - -30?
103001
In base 5, what is 34020221 + -1?
34020220
In base 3, what is -10 + -112011222202?
-112011222212
In base 14, what is 22 - -316?
338
In base 13, what is 14a - -6c?
1b9
In base 3, what is -20200021 - -112?
-20122202
In base 13, what is -b97c + 4?
-b978
In base 5, what is -121111232 - 3?
-121111240
In base 4, what is 11010210 - 0?
11010210
In base 5, what is -332220032 - -4?
-332220023
In base 3, what is 100 + 21010101?
21010201
In base 7, what is 404426 - 1?
404425
In base 12, what is 5a8a + 23?
5ab1
In base 5, what is 12423 - 103?
12320
In base 14, what is -6 + 10b96?
10b90
In base 2, what is 1001010101 + -1000100101?
110000
In base 2, what is -1 + -1010101000111010100?
-1010101000111010101
In base 4, what is -10 + -220010322?
-220010332
In base 2, what is 111010 - -10110011111?
10111011001
In base 3, what is -11012 + 10000?
-1012
In base 6, what is -250 + 23533?
23243
In base 8, what is -3 + 6114?
6111
In base 2, what is 11110 + 100010111101?
100011011011
In base 9, what is -10 + -4184?
-4204
In base 2, what is 1011000 + -11101001100110?
-11101000001110
In base 10, what is -5 + -12044?
-12049
In base 11, what is 5 + 8198?
81a2
In base 7, what is -323 - -330?
4
In base 10, what is 63 - 553?
-490
In base 7, what is 5 - -2511443?
2511451
In base 10, what is 4325 - 1585?
2740
In base 4, what is 301312 + 3?
301321
In base 11, what is -91a + 24aa?
1690
In base 15, what is 4 + 451?
455
In base 13, what is -208 + -203?
-40b
In base 6, what is -1 - 1120224?
-1120225
In base 8, what is -115345 + 0?
-115345
In base 13, what is 9a26 + 54?
9a7a
In base 16, what is -572 - -19d?
-3d5
In base 8, what is 27 + -147552?
-147523
In base 9, what is 2870 - -46?
3026
In base 4, what is -13223120 - 31?
-13223211
In base 10, what is 171 + 795?
966
In base 15, what is -dbcd1 - 3?
-dbcd4
In base 16, what is -d6e0 + -2?
-d6e2
In base 8, what is -4 - -4027?
4023
In base 5, what is 4123 + -142230?
-133102
In base 14, what is -140c + 1?
-140b
In base 8, what is 505406 - -2?
505410
In base 6, what is 3 - -3420404?
3420411
In base 3, what is -12220110 + 2021?
-12211012
In base 15, what is 4 + 432e?
4333
In base 10, what is -4 - -10698?
10694
In base 5, what is 14 + 21421211?
21421230
In base 4, what is -113202 - 103?
-113311
In base 7, what is 1 + -34616?
-34615
In base 4, what is -10212332 - 1?
-10212333
In base 12, what is -10429a + -3?
-1042a1
In base 6, what is 115 - 1014?
-455
In base 3, what is -20110111012 + 0?
-20110111012
In base 6, what is 21202 - -22?
21224
In base 16, what is -1 + -1102?
-1103
In base 2, what is -100 - 1110100100111?
-1110100101011
In base 11, what is -145 - -99?
-57
In base 10, what is -5 + -1415?
-1420
In base 13, what is ab + -267?
-189
In base 2, what is 110000 - -10111001101?
10111111101
In base 11, what is -a + 52628?
52619
In base 3, what is 2202101 + 101200?
10011001
In base 12, what is 7aa - 20?
78a
In base 10, what is 4 + 164275?
164279
In base 11, what is a3 + 79?
171
In base 9, what is 5 + -16884?
-16878
In base 7, what is 262 - 10525?
-10233
In base 4, what is -11 + -232011302?
-232011313
In base 10, what is 5585 - -22?
5607
In base 15, what is b941 - -2?
b943
In base 7, what is -5621 - -623?
-4665
In base 12, what is -1568 - 28?
-1594
In base 15, what is 3 + 261d?
2621
In base 16, what is -a6 + 4af?
409
In base 15, what is 81 - 22?
5e
In base 4, what is -103 + 210300201?
210300032
In base 2, what is 100100001000 + 10100?
100100011100
In base 13, what is a13890 - 2?
a1388b
In base 8, what is -4 + -331406?
-331412
In base 14, what is 10 + b95?
ba5
In base 11, what is 3092 + -74?
3019
In base 9, what is -2 + -100643?
-100645
In base 12, what is -10b4 - 41b?
-1513
In base 3, what is -11 - 12211021?
-12211102
In base 15, what is 36c89 + 5?
36c8e
In base 14, what is -2 - ba8b?
-ba8d
In base 6, what is -51440103 - 4?
-51440111
In base 2, what is -10 + 10100011011001?
10100011010111
In base 15, what is -21 + 160?
13e
In base 13, what is -438007 - -2?
-438005
In base 16, what is -180 + -2?
-182
In base 3, what is 101121 - 1000?
100121
In base 11, what is 42 + -15154?
-15112
In base 11, what is -11a + 20a42?
20923
In base 10, what is 218 - 190?
28
In base 11, what is 5574 + 3?
5577
In base 15, what is -68cc + -1?
-68cd
In base 6, what is 2402051 + -4?
2402043
In base 2, what is 110001 + 10010101011111?
10010110010000
In base 10, what is -2 + -284145?
-284147
In base 4, what is -10 + 231322?
231312
In base 2, what is -100 - -11100111010100?
11100111010000
In base 9, what is 262 - -10660?
11032
In base 10, what is -2 + 5815?
5813
In base 9, what is 407367 + -2?
407365
In base 9, what is 5 + -76?
-71
In base 2, what is 1010000 - 10001100111011?
-10001011101011
In base 5, what is -1034422330 + 1?
-1034422324
In base 12, what is -315083 - 8?
-31508b
In base 3, what is -101220202 - 201?
-101221110
In base 12, what is -1 - -113301?
113300
In base 14, what is 1 - 12850?
-1284d
In base 6